{"id":3043,"date":"2021-05-07T08:33:25","date_gmt":"2021-05-07T06:33:25","guid":{"rendered":"http:\/\/zs.wolczyn.pl\/lo\/?page_id=3043"},"modified":"2021-05-07T08:33:25","modified_gmt":"2021-05-07T06:33:25","slug":"aneks-nr-2","status":"publish","type":"page","link":"http:\/\/zs.wolczyn.pl\/lo\/aneks-nr-2\/","title":{"rendered":"Aneks nr 2"},"content":{"rendered":"<p><strong><em>do dokumentu &nbsp;\u201eProcedury obowi\u0105zuj\u0105ce w Zespole Szk\u00f3\u0142 w Wo\u0142czynie w okresie czasowego ograniczenia funkcjonowania Jednostek Systemu O\u015bwiaty w zwi\u0105zku z zapobieganiem, przeciwdzia\u0142aniem i zwalczaniem COVID \u2013 19\u201d.<\/em><\/strong><\/p>\n<p class=\"has-text-align-right has-small-font-size\"><strong>Podstawa prawna \u2013 <\/strong>Rozporz\u0105dzenie Ministra Edukacji Narodowej z dnia 5.11.2020 r.<\/p>\n<p class=\"has-text-align-center\"><strong>Organizacja &nbsp;konsultacji z nauczycielami na terenie szko\u0142y w czasie nauki zdalnej.<\/strong><\/p>\n<ol type=\"1\">\n<li>Maturzy\u015bci oraz uczniowie klasy VIII szko\u0142y podstawowej maj\u0105 mo\u017cliwo\u015b\u0107 konsultacji indywidualnych lub grupowych na terenie szko\u0142y.<\/li>\n<li>Konsultacje odbywaj\u0105 si\u0119 tylko z przedmiot\u00f3w egzaminacyjnych.<\/li>\n<li>Ch\u0119\u0107 wzi\u0119cia udzia\u0142u w konsultacji ucze\u0144 zg\u0142asza nauczycielowi prowadz\u0105cemu zaj\u0119cia z przedmiotu egzaminacyjnego za po\u015brednictwem dziennika elektronicznego lub w inny spos\u00f3b.<\/li>\n<li>Podczas konsultacji w szkole obowi\u0105zuj\u0105 procedury post\u0119powania zgodnie z Regulaminem pracy Zespo\u0142u Szk\u00f3\u0142 w Wo\u0142czynie w okresie czasowego ograniczenia funkcjonowania jednostek systemu o\u015bwiaty z zwi\u0105zku z zapobieganiem, przeciwdzia\u0142aniem i zwalczaniem COVID-19.<\/li>\n<li>O planowanych konsultacjach nauczyciel powiadamia Wicedyrektora Zespo\u0142u Szk\u00f3\u0142 ds. dydaktycznych, nie p\u00f3\u017aniej ni\u017c w dniu poprzedzaj\u0105cym konsultacje.<\/li>\n<li>Nauczyciel umawia si\u0119 indywidualnie lub grupowo na dany dzie\u0144 i na dan\u0105 godzin\u0119.<\/li>\n<li>Konsultacje odbywaj\u0105 si\u0119 po zaj\u0119ciach lekcyjnych.<\/li>\n<li>W grupie na konsultacjach w sali mo\u017ce przebywa\u0107 tylu uczni\u00f3w, aby zaj\u0119ty by\u0142 co drugi stolik.<\/li>\n<li>Uczniowie wchodz\u0105 do szko\u0142y wy\u0142\u0105cznie wej\u015bciem g\u0142\u00f3wnym. Pozosta\u0142e wej\u015bcia pozostan\u0105 wy\u0142\u0105czone z u\u017cytku.<\/li>\n<li>Szatnie szkolne w okresie konsultacji s\u0105 wy\u0142\u0105czone z u\u017cytku.<\/li>\n<li><strong>Do obowi\u0105zk\u00f3w nauczyciela<\/strong> prowadz\u0105cego konsultacje nale\u017cy:\n<ul>\n<li>Przypominanie&nbsp; uczniom o zasadach bezpiecze\u0144stwa obowi\u0105zuj\u0105cych&nbsp;w szkole.<\/li>\n<li>Organizacja konsultacji indywidualnych oraz grupowych z uwzgl\u0119dnieniem odleg\u0142o\u015bci pomi\u0119dzy stanowiskami nauki min.1,5 m (1 ucze\u0144 \u2013 1 stolik, zaj\u0119ty co drugi stolik).<\/li>\n<li>Dopilnowanie, aby uczniowie nie po\u017cyczali sobie przybor\u00f3w i podr\u0119cznik\u00f3w.<\/li>\n<\/ul>\n<\/li>\n<li><strong>Obowi\u0105zki ucznia<\/strong>:\n<ul>\n<li>Uczniowie uczestnicz\u0105 w konsultacjach wed\u0142ug harmonogramu przygotowanego przez nauczyciela.<\/li>\n<li>&nbsp;Je\u017celi ucze\u0144 um\u00f3wi si\u0119 na konsultacje, a nie mo\u017ce przyj\u015b\u0107, jest proszony o zg\u0142oszenie tego faktu odpowiednio wcze\u015bniej \u2013 nauczyciel b\u0119dzie m\u00f3g\u0142 zaprosi\u0107 w zast\u0119pstwie innego ucznia.<\/li>\n<li>Ucze\u0144 zabiera do szko\u0142y w\u0142asny zestaw podr\u0119cznik\u00f3w i przybor\u00f3w. W szkole nie b\u0119dzie m\u00f3g\u0142 ich po\u017cycza\u0107 od innych uczni\u00f3w.<\/li>\n<\/ul>\n<\/li>\n<li>Ka\u017cdorazowo po zaj\u0119ciach sala jest dezynfekowana.<\/li>\n<\/ol>\n","protected":false},"excerpt":{"rendered":"<p>do dokumentu &nbsp;\u201eProcedury obowi\u0105zuj\u0105ce w Zespole Szk\u00f3\u0142 w Wo\u0142czynie w okresie czasowego ograniczenia funkcjonowania Jednostek Systemu O\u015bwiaty w zwi\u0105zku z <a href=\"http:\/\/zs.wolczyn.pl\/lo\/aneks-nr-2\/\" class=\"read-more\">Czytaj dalej &#8230;<\/a><\/p>\n","protected":false},"author":1,"featured_media":0,"parent":0,"menu_order":0,"comment_status":"closed","ping_status":"closed","template":"","meta":{"ngg_post_thumbnail":0,"footnotes":""},"class_list":["post-3043","page","type-page","status-publish","hentry"],"_links":{"self":[{"href":"http:\/\/zs.wolczyn.pl\/lo\/wp-json\/wp\/v2\/pages\/3043"}],"collection":[{"href":"http:\/\/zs.wolczyn.pl\/lo\/wp-json\/wp\/v2\/pages"}],"about":[{"href":"http:\/\/zs.wolczyn.pl\/lo\/wp-json\/wp\/v2\/types\/page"}],"author":[{"embeddable":true,"href":"http:\/\/zs.wolczyn.pl\/lo\/wp-json\/wp\/v2\/users\/1"}],"replies":[{"embeddable":true,"href":"http:\/\/zs.wolczyn.pl\/lo\/wp-json\/wp\/v2\/comments?post=3043"}],"version-history":[{"count":1,"href":"http:\/\/zs.wolczyn.pl\/lo\/wp-json\/wp\/v2\/pages\/3043\/revisions"}],"predecessor-version":[{"id":3044,"href":"http:\/\/zs.wolczyn.pl\/lo\/wp-json\/wp\/v2\/pages\/3043\/revisions\/3044"}],"wp:attachment":[{"href":"http:\/\/zs.wolczyn.pl\/lo\/wp-json\/wp\/v2\/media?parent=3043"}],"curies":[{"name":"wp","href":"https:\/\/api.w.org\/{rel}","templated":true}]}}

<p><strong><em>do dokumentu &nbsp;„Procedury obowiązujące w Zespole Szkół w Wołczynie w okresie czasowego ograniczenia funkcjonowania Jednostek Systemu Oświaty w związku z zapobieganiem, przeciwdziałaniem i zwalczaniem COVID – 19”.</em></strong></p>
<p class="has-text-align-right has-small-font-size"><strong>Podstawa prawna – </strong>Rozporządzenie Ministra Edukacji Narodowej z dnia 5.11.2020 r.</p>
<p class="has-text-align-center"><strong>Organizacja &nbsp;konsultacji z nauczycielami na terenie szkoły w czasie nauki zdalnej.</strong></p>
<ol type="1">
<li>Maturzyści oraz uczniowie klasy VIII szkoły podstawowej mają możliwość konsultacji indywidualnych lub grupowych na terenie szkoły.</li>
<li>Konsultacje odbywają się tylko z przedmiotów egzaminacyjnych.</li>
<li>Chęć wzięcia udziału w konsultacji uczeń zgłasza nauczycielowi prowadzącemu zajęcia z przedmiotu egzaminacyjnego za pośrednictwem dziennika elektronicznego lub w inny sposób.</li>
<li>Podczas konsultacji w szkole obowiązują procedury postępowania zgodnie z Regulaminem pracy Zespołu Szkół w Wołczynie w okresie czasowego ograniczenia funkcjonowania jednostek systemu oświaty z związku z zapobieganiem, przeciwdziałaniem i zwalczaniem COVID-19.</li>
<li>O planowanych konsultacjach nauczyciel powiadamia Wicedyrektora Zespołu Szkół ds. dydaktycznych, nie później niż w dniu poprzedzającym konsultacje.</li>
<li>Nauczyciel umawia się indywidualnie lub grupowo na dany dzień i na daną godzinę.</li>
<li>Konsultacje odbywają się po zajęciach lekcyjnych.</li>
<li>W grupie na konsultacjach w sali może przebywać tylu uczniów, aby zajęty był co drugi stolik.</li>
<li>Uczniowie wchodzą do szkoły wyłącznie wejściem głównym. Pozostałe wejścia pozostaną wyłączone z użytku.</li>
<li>Szatnie szkolne w okresie konsultacji są wyłączone z użytku.</li>
<li><strong>Do obowiązków nauczyciela</strong> prowadzącego konsultacje należy:
<ul>
<li>Przypominanie&nbsp; uczniom o zasadach bezpieczeństwa obowiązujących&nbsp;w szkole.</li>
<li>Organizacja konsultacji indywidualnych oraz grupowych z uwzględnieniem odległości pomiędzy stanowiskami nauki min.1,5 m (1 uczeń – 1 stolik, zajęty co drugi stolik).</li>
<li>Dopilnowanie, aby uczniowie nie pożyczali sobie przyborów i podręczników.</li>
</ul>
</li>
<li><strong>Obowiązki ucznia</strong>:
<ul>
<li>Uczniowie uczestniczą w konsultacjach według harmonogramu przygotowanego przez nauczyciela.</li>
<li>&nbsp;Jeżeli uczeń umówi się na konsultacje, a nie może przyjść, jest proszony o zgłoszenie tego faktu odpowiednio wcześniej – nauczyciel będzie mógł zaprosić w zastępstwie innego ucznia.</li>
<li>Uczeń zabiera do szkoły własny zestaw podręczników i przyborów. W szkole nie będzie mógł ich pożyczać od innych uczniów.</li>
</ul>
</li>
<li>Każdorazowo po zajęciach sala jest dezynfekowana.</li>
</ol>

<p>do dokumentu &nbsp;„Procedury obowiązujące w Zespole Szkół w Wołczynie w okresie czasowego ograniczenia funkcjonowania Jednostek Systemu Oświaty w związku z <a href="http://zs.wolczyn.pl/lo/aneks-nr-2/" class="read-more">Czytaj dalej &#8230;</a></p>
