{"id":3960,"date":"2021-12-21T07:11:45","date_gmt":"2021-12-21T06:11:45","guid":{"rendered":"http:\/\/zs.wolczyn.pl\/lo\/?page_id=3960"},"modified":"2021-12-21T07:13:15","modified_gmt":"2021-12-21T06:13:15","slug":"3960-2","status":"publish","type":"page","link":"http:\/\/zs.wolczyn.pl\/lo\/3960-2\/","title":{"rendered":"Nowa ods\u0142ona Programu Erasmus+"},"content":{"rendered":"<div dir=\"auto\">ERASMUS + Zmienia \u017cycie, otwiera umys\u0142y<\/div>\n<div dir=\"auto\">W marcu 2022 Program Erasmus + zmienia swoj\u0105 formu\u0142\u0119 i w zwi\u0105zku z tym Narodowa Agencja Programu Erasmus + i Europejskiego Korpusu Solidarno\u015bci zaprosi\u0142a instytucje zainteresowane realizacj\u0105 projekt\u00f3w na dwudniowe spotkanie informacyjne do Warszawy. W trakcie szkolenia nasi nauczyciele poznali now\u0105 ods\u0142on\u0119 programu i zdobyli wiedz\u0119 dotycz\u0105c\u0105 oceny wniosk\u00f3w w nowej formule.<\/div>\n<div dir=\"auto\">ngg_shortcode_0_placeholder<\/div>\n","protected":false},"excerpt":{"rendered":"<p>ERASMUS + Zmienia \u017cycie, otwiera umys\u0142y W marcu 2022 Program Erasmus + zmienia swoj\u0105 formu\u0142\u0119 i w zwi\u0105zku z tym <a href=\"http:\/\/zs.wolczyn.pl\/lo\/3960-2\/\" class=\"read-more\">Czytaj dalej &#8230;<\/a><\/p>\n","protected":false},"author":1,"featured_media":0,"parent":0,"menu_order":0,"comment_status":"closed","ping_status":"closed","template":"","meta":{"ngg_post_thumbnail":0,"footnotes":""},"class_list":["post-3960","page","type-page","status-publish","hentry"],"_links":{"self":[{"href":"http:\/\/zs.wolczyn.pl\/lo\/wp-json\/wp\/v2\/pages\/3960"}],"collection":[{"href":"http:\/\/zs.wolczyn.pl\/lo\/wp-json\/wp\/v2\/pages"}],"about":[{"href":"http:\/\/zs.wolczyn.pl\/lo\/wp-json\/wp\/v2\/types\/page"}],"author":[{"embeddable":true,"href":"http:\/\/zs.wolczyn.pl\/lo\/wp-json\/wp\/v2\/users\/1"}],"replies":[{"embeddable":true,"href":"http:\/\/zs.wolczyn.pl\/lo\/wp-json\/wp\/v2\/comments?post=3960"}],"version-history":[{"count":3,"href":"http:\/\/zs.wolczyn.pl\/lo\/wp-json\/wp\/v2\/pages\/3960\/revisions"}],"predecessor-version":[{"id":3972,"href":"http:\/\/zs.wolczyn.pl\/lo\/wp-json\/wp\/v2\/pages\/3960\/revisions\/3972"}],"wp:attachment":[{"href":"http:\/\/zs.wolczyn.pl\/lo\/wp-json\/wp\/v2\/media?parent=3960"}],"curies":[{"name":"wp","href":"https:\/\/api.w.org\/{rel}","templated":true}]}}

Nowa odsłona Programu Erasmus+

<div dir="auto">ERASMUS + Zmienia życie, otwiera umysły</div>
<div dir="auto">W marcu 2022 Program Erasmus + zmienia swoją formułę i w związku z tym Narodowa Agencja Programu Erasmus + i Europejskiego Korpusu Solidarności zaprosiła instytucje zainteresowane realizacją projektów na dwudniowe spotkanie informacyjne do Warszawy. W trakcie szkolenia nasi nauczyciele poznali nową odsłonę programu i zdobyli wiedzę dotyczącą oceny wniosków w nowej formule.</div>
<div dir="auto">ngg_shortcode_0_placeholder</div>

<p>ERASMUS + Zmienia życie, otwiera umysły W marcu 2022 Program Erasmus + zmienia swoją formułę i w związku z tym <a href="http://zs.wolczyn.pl/lo/3960-2/" class="read-more">Czytaj dalej &#8230;</a></p>
