{"id":4702,"date":"2022-06-06T14:22:52","date_gmt":"2022-06-06T12:22:52","guid":{"rendered":"http:\/\/zs.wolczyn.pl\/lo\/?page_id=4702"},"modified":"2024-02-08T09:48:38","modified_gmt":"2024-02-08T08:48:38","slug":"otrzymalismy-kolejna-tarcze-perspektyw-2","status":"publish","type":"page","link":"http:\/\/zs.wolczyn.pl\/lo\/otrzymalismy-kolejna-tarcze-perspektyw-2\/","title":{"rendered":"Otrzymali\u015bmy kolejn\u0105 tarcz\u0119 Perspektyw!"},"content":{"rendered":"<div dir=\"auto\"><a href=\"http:\/\/zs.wolczyn.pl\/lo\/otrzymalismy-kolejna-tarcze-perspektyw-2\/2024-liceum-braz\/\" rel=\"attachment wp-att-6895\"><img fetchpriority=\"high\" decoding=\"async\" class=\"size-medium wp-image-6895 alignleft\" src=\"http:\/\/zs.wolczyn.pl\/lo\/wp-content\/uploads\/2024\/02\/2024-liceum-braz-292x300.jpg\" alt=\"\" width=\"292\" height=\"300\" srcset=\"http:\/\/zs.wolczyn.pl\/lo\/wp-content\/uploads\/2024\/02\/2024-liceum-braz-292x300.jpg 292w, http:\/\/zs.wolczyn.pl\/lo\/wp-content\/uploads\/2024\/02\/2024-liceum-braz.jpg 400w\" sizes=\"(max-width: 292px) 100vw, 292px\" \/><\/a>Niezmiernie mi\u0142o jest nam zakomunikowa\u0107, \u017ce kolejny rok z rz\u0119du nasze Liceum Og\u00f3lnokszta\u0142c\u0105ce zosta\u0142o uwzgl\u0119dnione w Rankingu Lice\u00f3w Og\u00f3lnokszta\u0142c\u0105cych \u201ePerspektywy 2024\u201d.<\/div>\n<p><!--more--><\/p>\n<div dir=\"auto\">&nbsp;<\/div>\n<p>W tym roku stali\u015bmy si\u0119 laureatami Br\u0105zowej Tarczy zajmuj\u0105c 18 miejsce w\u015br\u00f3d szk\u00f3\u0142 wojew\u00f3dztwa opolskiego i 856 w kraju. Wszystkim uczniom i nauczycielom, kt\u00f3rych praca da\u0142a tak wspania\u0142y efekt \u2013 gratulujemy.<\/p>\n<p>&nbsp;<\/p>\n","protected":false},"excerpt":{"rendered":"<p>Niezmiernie mi\u0142o jest nam zakomunikowa\u0107, \u017ce kolejny rok z rz\u0119du nasze Liceum Og\u00f3lnokszta\u0142c\u0105ce zosta\u0142o uwzgl\u0119dnione w Rankingu Lice\u00f3w Og\u00f3lnokszta\u0142c\u0105cych \u201ePerspektywy <a href=\"http:\/\/zs.wolczyn.pl\/lo\/otrzymalismy-kolejna-tarcze-perspektyw-2\/\" class=\"read-more\">Czytaj dalej &#8230;<\/a><\/p>\n","protected":false},"author":1,"featured_media":5453,"parent":0,"menu_order":0,"comment_status":"closed","ping_status":"closed","template":"","meta":{"ngg_post_thumbnail":0,"footnotes":""},"class_list":["post-4702","page","type-page","status-publish","has-post-thumbnail","hentry"],"_links":{"self":[{"href":"http:\/\/zs.wolczyn.pl\/lo\/wp-json\/wp\/v2\/pages\/4702"}],"collection":[{"href":"http:\/\/zs.wolczyn.pl\/lo\/wp-json\/wp\/v2\/pages"}],"about":[{"href":"http:\/\/zs.wolczyn.pl\/lo\/wp-json\/wp\/v2\/types\/page"}],"author":[{"embeddable":true,"href":"http:\/\/zs.wolczyn.pl\/lo\/wp-json\/wp\/v2\/users\/1"}],"replies":[{"embeddable":true,"href":"http:\/\/zs.wolczyn.pl\/lo\/wp-json\/wp\/v2\/comments?post=4702"}],"version-history":[{"count":5,"href":"http:\/\/zs.wolczyn.pl\/lo\/wp-json\/wp\/v2\/pages\/4702\/revisions"}],"predecessor-version":[{"id":9372,"href":"http:\/\/zs.wolczyn.pl\/lo\/wp-json\/wp\/v2\/pages\/4702\/revisions\/9372"}],"wp:featuredmedia":[{"embeddable":true,"href":"http:\/\/zs.wolczyn.pl\/lo\/wp-json\/wp\/v2\/media\/5453"}],"wp:attachment":[{"href":"http:\/\/zs.wolczyn.pl\/lo\/wp-json\/wp\/v2\/media?parent=4702"}],"curies":[{"name":"wp","href":"https:\/\/api.w.org\/{rel}","templated":true}]}}

Otrzymaliśmy kolejną tarczę Perspektyw!

<div dir="auto"><a href="http://zs.wolczyn.pl/lo/otrzymalismy-kolejna-tarcze-perspektyw-2/2024-liceum-braz/" rel="attachment wp-att-6895"><img fetchpriority="high" decoding="async" class="size-medium wp-image-6895 alignleft" src="http://zs.wolczyn.pl/lo/wp-content/uploads/2024/02/2024-liceum-braz-292x300.jpg" alt="" width="292" height="300" srcset="http://zs.wolczyn.pl/lo/wp-content/uploads/2024/02/2024-liceum-braz-292x300.jpg 292w, http://zs.wolczyn.pl/lo/wp-content/uploads/2024/02/2024-liceum-braz.jpg 400w" sizes="(max-width: 292px) 100vw, 292px" /></a>Niezmiernie miło jest nam zakomunikować, że kolejny rok z rzędu nasze Liceum Ogólnokształcące zostało uwzględnione w Rankingu Liceów Ogólnokształcących „Perspektywy 2024”.</div>
<p><!--more--></p>
<div dir="auto">&nbsp;</div>
<p>W tym roku staliśmy się laureatami Brązowej Tarczy zajmując 18 miejsce wśród szkół województwa opolskiego i 856 w kraju. Wszystkim uczniom i nauczycielom, których praca dała tak wspaniały efekt – gratulujemy.</p>
<p>&nbsp;</p>

<p>Niezmiernie miło jest nam zakomunikować, że kolejny rok z rzędu nasze Liceum Ogólnokształcące zostało uwzględnione w Rankingu Liceów Ogólnokształcących „Perspektywy <a href="http://zs.wolczyn.pl/lo/otrzymalismy-kolejna-tarcze-perspektyw-2/" class="read-more">Czytaj dalej &#8230;</a></p>
